What is the highest common divisor of 15 and r?
15
Suppose 2*u + 22 = 4*u. Let z = 17 + u. Calculate the greatest common divisor of 42 and z.
14
Let w(a) = 2*a**2 + 2*a - 3. Let c be w(-4). Calculate the highest common divisor of c and 3.
3
Suppose 5*k + 0*k - 720 = 0. Suppose -11*c + k = -7*c. Suppose 0 = -4*b + q + 365, q = 3*b - 2*q - 285. Calculate the highest common divisor of c and b.
18
Suppose 0 = -3*c + 201 + 84. Suppose -v - 44 = -3*v + 2*q, 0 = 3*v - 2*q - 63. What is the greatest common factor of v and c?
19
Suppose 5*a - 31 = 4. Suppose -70 = -5*b + 3*b. Calculate the highest common factor of a and b.
7
Let c = -16 - -39. Let l = -13 + c. Calculate the highest common divisor of l and 110.
10
Suppose -5*q - 13 = -113. Calculate the highest common factor of q and 180.
20
Let z = 6 - 7. Let s be 15 + ((-3)/(-3))/z. Calculate the greatest common divisor of 98 and s.
14
Suppose -m = m - 12. Let h be ((-20)/(-6))/(m/9). Suppose -2*v + n + 59 = 0, -41 = -2*v + h*n + 14. Calculate the greatest common factor of v and 15.
15
Let t = -29 - -55. What is the greatest common divisor of 182 and t?
26
Suppose 3*u - 2*a = 14 + 10, -2*a + 18 = 4*u. Suppose 8 = 2*r - 5*m, m - 2 = -2*r + u. Let f = r - -32. Calculate the greatest common divisor of f and 9.
9
Suppose -1620 = -b - 4*b. Let t be (1 - -1)/2 - -1. Suppose -b = -t*s - 3*l, -226 + 42 = -s + 4*l. What is the greatest common divisor of s and 24?
24
Suppose -10*t + 7*t = -36. Let s = 294 - 162. What is the greatest common factor of t and s?
12
Suppose 3*x - 119 = -4*l, 5*x - 88 - 72 = l. Calculate the greatest common factor of x and 11.
11
Let c = 39 - 38. Calculate the greatest common factor of 11 and c.
1
Suppose -3*l = -l - 8. What is the greatest common divisor of l and 8?
4
Let k = 7 + -4. Let m be -4*2/(2 - k). Calculate the highest common factor of 20 and m.
4
Let u = 19 - 16. Calculate the highest common factor of 1 and u.
1
Suppose f = 4*t - 222, -100 = -2*t + 2*f - 7*f. Suppose y + 4 = -6. Let d be (-1)/((-2)/y)*-1. Calculate the highest common factor of t and d.
5
Let w be 2 - (21 + (-2 - -2)). Let v = w + 43. What is the highest common divisor of 60 and v?
12
Let r(p) = -2*p**2 - p + 16. Let l be r(0). What is the highest common divisor of l and 48?
16
Suppose -4*u = 9 - 81. Suppose w - 5*d - 12 = -1, d - 5 = 0. Calculate the highest common factor of u and w.
18
Suppose 0 = -4*x - 2*o + 2214, 5*x + 894 - 3660 = -o. Suppose 5*q = x - 28. What is the greatest common divisor of q and 15?
15
Let m = -5 - -7. Let h(i) = 0 + m - i**2 + 0 - 8*i. Let d be h(-6). Calculate the highest common factor of 28 and d.
14
Let u = -49 + 70. Let o = -159 - -222. Calculate the highest common factor of u and o.
21
Let h be ((-8)/5)/(1/(-5)). Let i be (40/(-15))/((-2)/66). Calculate the highest common factor of i and h.
8
Suppose -1 = -4*t - 5. Let b be -1 - t - 2*-1. Calculate the highest common factor of 1 and b.
1
Suppose -3*y + 6*q + 84 = q, -2*y = 4*q - 34. Calculate the greatest common divisor of 253 and y.
23
Let v = 0 + 18. Suppose -5*d = -3*c - 132, 2*c - 110 = -2*d - 2*d. What is the greatest common factor of d and v?
9
Suppose 2*o - 5 - 145 = 0. Suppose -j - o = -6*j. Calculate the highest common factor of j and 60.
15
Let y(t) = -t**2 - 4*t + 2. Let h(k) = -k**2 + 4*k - 4. Let c be h(4). Let n be y(c). Calculate the greatest common factor of 16 and n.
2
Let p be (54/5)/(2/15). Calculate the highest common divisor of p and 9.
9
Suppose 8 = o + 4*c, 5*o + 5*c - 2 = 4*c. Let z = -5 - o. Let h = z - -12. Calculate the highest common divisor of 35 and h.
7
Suppose 46 = 4*o - 2*f, -2*o - 3*o = -2*f - 59. Let t(l) = -l**3 + 8*l**2 - 2*l + 5. Let g be t(6). What is the highest common divisor of g and o?
13
Let h(r) = 2*r - 6. Let n be h(6). Let i be 6/1*16/n. Suppose 0 = 4*p + i, -3*a + 60 = a - 4*p. What is the highest common divisor of a and 22?
11
Suppose -5*k - 117 = -4*l, -4*k = l + 3*l - 144. Let j(z) = 2*z**2 + 3*z + 2. Let t be j(-4). What is the greatest common factor of l and t?
11
Suppose 0 - 12 = 3*b, 8 = 4*a - b. What is the highest common divisor of 5 and a?
1
Suppose 2*f = 3 + 3. Suppose -2*w + 2*l = -10, -f*w + 7 = 4*l + l. Calculate the greatest common factor of 1 and w.
1
Let u = -39 + 99. Calculate the greatest common divisor of 15 and u.
15
Let v = -12 - -16. Calculate the highest common divisor of 10 and v.
2
Let f(o) = -o**2 + 6*o + 2. Let m be f(3). Let x be 2/((-48)/(-22) - 2). What is the highest common divisor of x and m?
11
Let w be (312/36)/(-1 + 10/6). Let m be 80/6 + (-1)/3. What is the highest common divisor of m and w?
13
Suppose -2*k + 33 = 227. Let h = 185 + k. Calculate the greatest common factor of 11 and h.
11
Let n be (0/2)/2 + 2. Suppose 5*y - 6 = 4*b, -5*y + 2*b - 4*b + 12 = 0. Let q be (-3)/(y + -6 + 3). Calculate the highest common factor of n and q.
1
Let p(f) = -f**3 + 9*f**2 + 9*f - 8. Let m be p(7). Let u(t) = -t + 12. Let b be u(-5). What is the greatest common divisor of m and b?
17
Let w be 2/(-3) + (-2)/(-3). Suppose 0*m + 21 = -y + 3*m, w = -y - 4*m. Let h be ((-18)/(-4))/((-9)/y). Calculate the highest common factor of h and 12.
6
Let a(h) = 1 + 3 + 12*h**3 + 6*h**2 - 11*h**3 + h**2. Let i = 7 + -13. Let b be a(i). What is the greatest common factor of 5 and b?
5
Suppose 2*c + 3 = i - 0*i, 10 = -3*c - 4*i. Let q = 7 + c. What is the highest common divisor of q and 25?
5
Let b be (-3)/(-12) + 23/4. Let t be 3/(7/b - 1). Let w = 8 + -2. What is the highest common factor of t and w?
6
Let w(p) = p**3 - 11*p**2 + 2. Let f be w(11). Let g(i) = 6*i**3 + 3*i**2 - 3*i + 2. Let l be g(f). What is the highest common divisor of 8 and l?
8
Let g(n) = n - 4. Let t be g(4). Suppose -c - 2 = t, -5*w + 5*c + 65 = -10. What is the highest common factor of w and 91?
13
Let g be 5*(-1 + (-39)/(-15)). Calculate the greatest common factor of 12 and g.
4
Let u = -2 - -22. Calculate the highest common factor of 4 and u.
4
Suppose 0 = 4*t - 5*m - 34, -m = 3*t + 1 - 17. What is the greatest common factor of 24 and t?
6
Let p = -10 + 11. Let u(m) = m**3 + 2*m**2 - 4*m - 1. Let g be u(-3). Suppose -3*i - 4*y = g*i + p, -4*i = 3*y. What is the highest common factor of i and 1?
1
Suppose 4*w - 160 = 168. Suppose -j - 5*y + 33 = 0, 4*j - w = -0*j + 5*y. Calculate the greatest common divisor of 23 and j.
23
Let o be 8/4 + (-108)/(-1). What is the greatest common factor of 22 and o?
22
Let b(t) = 7*t + 1. Suppose 0 = -w - 5. Let o be b(w). Let x be o/(-9) - (-6)/27. Calculate the highest common factor of 36 and x.
4
Suppose 0*v + 24 = v. Let j be 2*9*(-4)/(-6). Suppose r - 4 - j = 0. Calculate the greatest common divisor of v and r.
8
Suppose 5*b + 25 = 10*b. Calculate the greatest common divisor of b and 20.
5
Let h(q) = 2*q**2 - 2. Let i be h(2). Suppose 0 = -k + i*k + 25. Let j = k + 6. Calculate the highest common divisor of 9 and j.
1
Suppose 2*b = 7*b - 20. Suppose b*m = 4*c - 20, 0 = -c + 4*m - 0*m - 1. Calculate the highest common factor of 7 and c.
7
Let f = 71 - 19. Calculate the highest common factor of 13 and f.
13
Let n(g) = -g**3 + 3*g**2 + 7*g + 2. Let q be n(4). What is the greatest common factor of 56 and q?
14
Let u be -1*(-4 - (-3 + 2)). Suppose l = -u*l + 24. Suppose 53 = q + h, 0*h - l = 2*h. Calculate the greatest common factor of q and 8.
8
Suppose -218 = -4*f + 5*h, -2*f + 173 = f + h. What is the greatest common divisor of 38 and f?
19
Suppose 0 = -3*b - t + 4*t + 21, 0 = t. Let f(d) = -d**3 - 3*d**2 + 3*d + 3. Let u = -14 - -10. Let x be f(u). Calculate the greatest common factor of x and b.
7
Let x(s) = s**2 - s. Let m be x(4). Suppose 2*b + b = -m. Let g be (b/2 - 0) + 13. What is the greatest common factor of 11 and g?
11
Let q = -24 - -14. Let g = q + 13. What is the greatest common factor of g and 2?
1
Suppose -2 + 50 = 3*y. Let m be y/6*117/52. Calculate the greatest common factor of m and 24.
6
Suppose 5*s - s - 16 = 2*f, s - 4 = f. Suppose -y + 14 = -5*z - 10, f = -2*z - 8. Suppose -v - y*v = -400. What is the highest common divisor of v and 16?
16
Let a(f) = -f + 9. Let s be a(9). Suppose r + p - 44 = s, 4*r - 44 = 3*r + p. Calculate the greatest common divisor of r and 11.
11
Let d be (-5)/15 - 19/(-3). Suppose 7*z - 182 = 3*z + 2*i, z - 4